710903?
1
What is the units digit of 419271?
1
What is the units digit of 794008?
8
What is the hundreds digit of 988889?
8
What is the thousands digit of 2458757?
8
What is the ten millions digit of 10957949?
1
What is the ten millions digit of 12907469?
1
What is the ten thousands digit of 1733180?
3
What is the tens digit of 1496619?
1
What is the hundreds digit of 345982?
9
What is the hundreds digit of 2874095?
0
What is the hundred thousands digit of 555785?
5
What is the hundred thousands digit of 16315073?
3
What is the units digit of 16515595?
5
What is the hundred thousands digit of 343450?
3
What is the thousands digit of 9067789?
7
What is the thousands digit of 6959627?
9
What is the hundreds digit of 224737?
7
What is the units digit of 1882323?
3
What is the ten millions digit of 16991274?
1
What is the tens digit of 25187?
8
What is the ten thousands digit of 2854808?
5
What is the units digit of 487141?
1
What is the units digit of 49653?
3
What is the ten thousands digit of 3513326?
1
What is the hundreds digit of 1884098?
0
What is the hundreds digit of 1190760?
7
What is the hundred thousands digit of 1880317?
8
What is the ten thousands digit of 2092659?
9
What is the tens digit of 1197892?
9
What is the units digit of 1000999?
9
What is the hundred thousands digit of 1762732?
7
What is the millions digit of 3499801?
3
What is the thousands digit of 28609141?
9
What is the hundred thousands digit of 2081509?
0
What is the units digit of 37055850?
0
What is the ten thousands digit of 3448968?
4
What is the units digit of 26811?
1
What is the thousands digit of 338906?
8
What is the hundred thousands digit of 433209?
4
What is the hundreds digit of 6608032?
0
What is the ten thousands digit of 2845697?
4
What is the units digit of 710079?
9
What is the tens digit of 36899?
9
What is the tens digit of 16344975?
7
What is the hundred thousands digit of 16429659?
4
What is the ten thousands digit of 13498710?
9
What is the hundreds digit of 74089?
0
What is the ten thousands digit of 2896317?
9
What is the ten thousands digit of 290191?
9
What is the thousands digit of 104187?
4
What is the units digit of 3736358?
8
What is the ten thousands digit of 970594?
7
What is the ten thousands digit of 11577579?
7
What is the hundred thousands digit of 7409055?
4
What is the tens digit of 145756?
5
What is the units digit of 479173?
3
What is the units digit of 14879?
9
What is the tens digit of 503251?
5
What is the hundred thousands digit of 362964?
3
What is the hundred thousands digit of 794824?
7
What is the ten thousands digit of 58356?
5
What is the units digit of 16944635?
5
What is the tens digit of 139955?
5
What is the millions digit of 9816076?
9
What is the units digit of 5261251?
1
What is the hundred thousands digit of 23604012?
6
What is the tens digit of 12325?
2
What is the thousands digit of 21017666?
7
What is the thousands digit of 10151363?
1
What is the units digit of 16392204?
4
What is the hundred thousands digit of 490852?
4
What is the tens digit of 129675?
7
What is the hundred thousands digit of 166558?
1
What is the millions digit of 19567039?
9
What is the ten thousands digit of 2024669?
2
What is the hundred thousands digit of 501432?
5
What is the hundred thousands digit of 19889710?
8
What is the ten thousands digit of 6570272?
7
What is the thousands digit of 4005914?
5
What is the hundreds digit of 5961939?
9
What is the thousands digit of 284841?
4
What is the millions digit of 6221755?
6
What is the thousands digit of 3110916?
0
What is the hundred thousands digit of 4112595?
1
What is the hundred thousands digit of 393115?
3
What is the units digit of 3305915?
5
What is the tens digit of 1043698?
9
What is the hundred thousands digit of 5067709?
0
What is the tens digit of 8289?
8
What is the ten thousands digit of 541631?
4
What is the hundred thousands digit of 154521?
1
What is the units digit of 1854544?
4
What is the ten thousands digit of 50744?
5
What is the hundreds digit of 2066222?
2
What is the millions digit of 27573232?
7
What is the ten thousands digit of 32117985?
1
What is the hundreds digit of 225403?
4
What is the hundred thousands digit of 110859?
1
What is the thousands digit of 32759?
2
What is the ten thousands digit of 1180405?
8
What is the millions digit of 1587682?
1
What is the tens digit of 979688?
8
What is the ten thousands digit of 933631?
3
What is the ten thousands digit of 5045332?
4
What is the tens digit of 259562?
6
What is the units digit of 1022705?
5
What is the units digit of 165450?
0
What is the hundred thousands digit of 2477975?
4
What is the ten thousands digit of 744423?
4
What is the hundreds digit of 136390?
3
What is the tens digit of 5264066?
6
What is the millions digit of 4444707?
4
What is the tens digit of 7782553?
5
What is the thousands digit of 3609964?
9
What is the hundreds digit of 292389?
3
What is the units digit of 3502759?
9
What is the ten thousands digit of 632127?
3
What is the units digit of 5417302?
2
What is the hundreds digit of 202076?
0
What is the hundreds digit of 1127686?
6
What is the hundreds digit of 72592?
5
What is the hundreds digit of 22406181?
1
What is the thousands digit of 381417?
1
What is the millions digit of 8974325?
8
What is the hundred thousands digit of 369858?
3
What is the hundred thousands digit of 16758739?
7
What is the millions digit of 4080053?
4
What is the thousands digit of 530413?
0
What is the tens digit of 9024054?
5
What is the units digit of 28941064?
4
What is the hundreds digit of 10546891?
8
What is the millions digit of 3061678?
3
What is the ten thousands digit of 82419?
8
What is the thousands digit of 4704573?
4
What is the tens digit of 514281?
8
What is the ten thousands digit of 266813?
6
What is the tens digit of 37182?
8
What is the ten thousands digit of 460804?
6
What is the hundred thousands digit of 153700?
1
What is the thousands digit of 1363879?
3
What is the hundreds digit of 10522464?
4
What is the tens digit of 66072?
7
What is the units digit of 532074?
4
What is the millions digit of 15656662?
5
What is the hundreds digit of 303763?
7
What is the thousands digit of 13544856?
4
What is the hundreds digit of 109282?
2
What is the hundreds digit of 161537?
5
What is the units digit of 7562?
2
What is the units digit of 6643026?
6
What is the tens digit of 12660809?
0
What is the thousands digit of 454916?
4
What is the tens digit of 106924?
2
What is the hundreds digit of 735073?
0
What is the tens digit of 571241?
4
What is the thousands digit of 260146?
0
What is the tens digit of 6046?
4
What is the tens digit of 1658398?
9
What is the tens digit of 4137872?
7
What is the thousands digit of 710817?
0
What is the ten thousands digit of 4352590?
5
What is the millions digit of 16923427?
6
What is the hundreds digit of 1661911?
9
What is the tens digit of 14173?
7
What is the ten thousands digit of 108051?
0
What is the tens digit of 3076243?
4
What is the units digit of 310775?
5
What is the thousands digit of 471032?
1
What is the thousands digit of 837193?
7
What is the thousands digit of 7071?
7
What is the units digit of 389940?
0
What is the tens digit of 181052?
5
What is the hundred thousands digit of 13462265?
4
What is the ten thousands digit of 181804?
8
What is the hundreds digit of 21236090?
0
What is the ten thousands digit of 122255?
2
What is the units digit of 7495758?
8
What is the hundred thousands digit of 2784862?
7
What is the hundreds digit of 1527837?
8
What is the thousands digit of 25841598?
1
What is the units digit of 163908?
8
What is the ten thousands digit of 11716709?
1
What is the millions digit of 1255225?
1
What is the hundred thousands digit of 1154600?
1
What is the units digit of 556068?
8
What is the millions digit of 21699957?
1
What is the units digit of 6963557?
7
What is the tens digit of 27915078?
7
What is the units digit of 2943301?
1
What is the millions digit of 5295973?
5
What is the units digit of 811848?
8
What is the units digit of 794643?
3
What is the millions digit of 9478100?
9
What is the ten thousands digit of 296747?
9
What is the hundred thousands digit of 1363142?
3
What is the millions digit of 6778521